(-5 + 11))).
12
(20 - 13 - 20) + 16 + -18
-15
What is the value of 5 - (64 - 67 - (-4 + 2 + -1))?
5
Evaluate 1 - (15 + -18 - 3) - 35.
-28
Evaluate (-2 - 0) + (4 - 3) + 2 + -15.
-14
7 - ((-3 - -1) + (-13 - (21 + -37)))
6
What is 1 - (22 - -1 - (60 - 51))?
-13
Evaluate -3 + (7 + -7 - 3) + -8.
-14
Calculate 34 + 0 + -7 + -10.
17
Calculate (2 - 0) + (21 - 30) + 13 + 5.
11
What is the value of 7 + -2 + (3 - (-8 - (3 + -6)))?
13
What is 3 - (10 + 0 + (-13 - -8))?
-2
Evaluate 0 - -6 - (1 + -2 - (4 + -3)).
8
5 + -48 + 26 - -22
5
Evaluate -1 + 1 + 0 + 0 + -6 + 15.
9
Evaluate -5 + 24 - (10 - 4).
13
Calculate 40 + -19 + -9 - 8.
4
What is -10 + 20 - (-1 + 10)?
1
(9 - (26 + -9)) + (-5 - (1 - 0))
-14
Evaluate (9 - 3) + -29 + 34.
11
What is (-5 - (-5 - -1)) + -7 + 16?
8
Calculate 0 + -50 + 262 + -249.
-37
Evaluate (1 - (7 - 2)) + 5 - (-4 - -4).
1
Calculate -4 + (-5 - -2) + 2 + -1.
-6
What is -30 + 40 + -23 - -1?
-12
What is (-4 - -11 - 5) + (3 - -1) - 34?
-28
Calculate 3 + (-19 - (-31 + 40)).
-25
What is the value of 9 - (9 - (1 + -5)) - 4?
-8
Evaluate 10 + (6 - 3 - -6).
19
What is (-8 - -36) + -6 + (3 - (12 + -5))?
18
0 + (-1 - ((-5 - -1) + -3 - 0))
6
What is the value of -25 + -1 - (592 - 639)?
21
(-47 - (-29 + -3)) + 53
38
What is the value of (-35 - -18) + 14 - (1 + 6 - -4)?
-14
Evaluate -20 + (15 - -7) + (0 - -2) + -21.
-17
Calculate 8 + ((22 - 8) + -21 - (20 - 1)).
-18
Evaluate (9 - -5) + -9 + 4 + 2.
11
What is -6 + (6 + 7 - -13)?
20
50 - 23 - (14 + 33)
-20
-10 - (2 - (1 - 0)) - (-323 + 326)
-14
What is -19 - (-3 + 10 + -14)?
-12
-12 + 9 + -4 + 1 + 18 + -14
-2
(0 - -6 - 1) + (2 + 31 - 13)
25
What is -8 - (2 - (1 + 0)) - 7?
-16
What is (-3 - (2 + 7 + -8)) + 13?
9
Evaluate -7 + (8 - 7) - 8 - (1 - 8).
-7
What is the value of -17 - ((-6 - -2) + (12 - 15) - 0)?
-10
Calculate 37 + (-4 - (-15 + 36)).
12
What is (27 - 48 - -20) + (-1 - -5)?
3
What is the value of 5 + -23 + (0 + 2 - (-5 - 0))?
-11
What is the value of 12 + -1 + -22 + 20 - 40 - -4?
-27
What is 6 + (-2 + -7 + 6 - -3) + -6?
0
What is the value of 6 + 13 + -25 + 6?
0
What is the value of (-4 - -10) + (9 - 8 - 2) + -1?
4
Calculate 10 + (8 - 14) - 1 - 5.
-2
Calculate (25 - (38 + -16)) + (0 - 0).
3
Calculate 8 - 4 - 4 - (-17 + (3 - -1)).
13
Evaluate -9 - (-14 + (-8 - -3) + 4).
6
What is (-14 - (-11 + 29)) + 24?
-8
What is the value of -5 + -4 + 6 + -2 - (-14 + 4)?
5
Evaluate -18 + (-37 + 94 - 30).
9
Calculate 8 - (-1 - ((-4 - -2) + 7)).
14
What is -1 + (0 - 0) + (21 - (-9 + 27))?
2
Evaluate -10 + 2 + 0 - (5 + -18).
5
What is (-3 - 5) + (2 - 23) - (-6 - -3)?
-26
What is the value of -6 + -8 - (-2 + (-2 - (0 - -1)))?
-9
Calculate -81 + 113 + -5 + -4 + 2.
25
Evaluate 16 - (10 - (18 - 12)).
12
11 - (-11 + 15 + -3)
10
What is the value of -2 + (-2 - (-3 + -2 - (-16 + 18)))?
3
(14 + -16 - 18) + 9
-11
20 + (0 - -1) - ((-107 - -148) + -35)
15
What is the value of 11 + 3 + -14 + -1?
-1
(13 - 27 - (-5 - 19)) + 12
22
(-6 - (-12 - -9)) + 0
-3
4 + (-2 - (3 - (-3 - 0) - 6))
2
What is the value of (8 + -5 - -4 - 3) + -13 + -18?
-27
-29 + 72 + -9 + -27
7
What is 8 - (-1 - 6 - -12 - -6)?
-3
Evaluate -4 + 11 + 0 + -7 - (-27 + 8).
19
What is the value of (-2 - (0 - (-1 + 3))) + 25 + -38?
-13
Calculate -62 + 49 + (-1 - -7 - -3).
-4
Calculate (-13 - -8 - 5) + (0 - 1) + -3.
-14
(9 - 17) + 3 + -6 - (-2 + 2)
-11
Evaluate 3 + (-21 - -31 - (24 + -5)).
-6
Evaluate -1 + -1 - (11 - (24 - 9)).
2
Evaluate -19 + 11 + -6 - ((2 - -1) + -4).
-13
Evaluate 3 - (2 - -6) - (-7 - 2).
4
Calculate 0 - -15 - (33 + -10).
-8
Calculate 15 - (-1 + (-4 - (-5 + -1))).
14
Evaluate -7 - ((4 - 7) + 2 + -1).
-5
Evaluate 21 + (-30 - -10) - 10.
-9
Evaluate 1 - 0 - (-15 - -16 - -11).
-11
Calculate (3 - (20 + -7 + 2)) + -10.
-22
Calculate -2 + 5 - 1 - ((-16 - -21) + -14).
11
What is the value of -1 + -1 - (-19 + (12 - 6) + 4)?
7
What is 10 + (3 - (7 + -16 - -4 - 2))?
20
What is the value of 2 + 0 + -1 + (857 - 853)?
5
0 + -11 - (-4 - -3)
-10
Evaluate (-31 - (-10 + -39)) + -17.
1
Calculate 7 - (17 + (-3 - (7 + -4))).
-4
What is (9 - 24) + (13 - 7) + -22?
-31
What is the value of (-26 - -13) + 12 - -9?
8
What is the value of 21 - -1 - (15 + -21 + 9 - -1)?
18
Calculate -10 - (-24 - -15) - (-8 + -34 + 8).
33
Evaluate (39 - (26 - 0)) + -34.
-21
What is -9 + 29 + -6 - (3 - 1)?
12
What is 6 + 0 + -4 + -1 + -1 + 4?
4
Calculate -5 + 4 + -6 + -5 + 4 + -1.
-9
What is the value of (6 - (-8 + 12)) + (-1 - (-11 + 4))?
8
-3 - (-41 - -39 - ((2 - -1) + 3))
5
What is the value of (8 + -2 - 3) + -10 - -12?
5
Evaluate 5 + -17 + -16 - 3 - -10.
-21
-2 - -9 - (-12 - (5 + -11))
13
Evaluate 8 + -10 + 13 + -3 + 5.
13
What is the value of -8 - -11 - (-2 + -3 + 0)?
8
What is 3 - (1 - -1 - (14 + (-2 - 6)))?
7
What is 6 + 13 + 5 + -11?
13
-3 + -2 + 3 + -6 + -61 + 75
6
What is the value of 6 - ((-37 - -33) + (-1 - -14))?
-3
What is the value of (-10 - (6 + -29 + -4)) + 0?
17
What is the value of 91 + -97 + (1 - -17)?
12
Calculate 3 - -27 - (6 - (-10 + 7)).
21
What is the value of (-114 - -122) + -8 + 2?
2
(-1 - -6) + (-19 - -16) + (8 - 23)
-13
What is the value of 41 - 47 - 10 - (-1 + 0 + -2)?
-13
What is the value of 5 - ((0 - 10) + 10 + (-7 - -3))?
9
What is 7 - 8 - (16 - 25)?
8
Evaluate 3 - -2 - (38 - (-10 - -26)).
-17
(-1 + 0 - 11) + (-1234 - -1235)
-11
Evaluate -13 - (-14 - ((-36 - -12) + 4)).
-19
Calculate -10 - (2 + (7 + -2 + 0 - 5)).
-12
What is the value of -4 - (-1 - (10 - 12))?
-5
12 + ((-1 - -1) + (80 - 79) - 6)
7
What is -8 + 3 + 12 + 7 + 1 + -5?
10
0 + (9 + -16 + 9 - (5 - -1))
-4
What is the value of 0 + -15 + (8 - -13 - 2)?
4
What is the value of 4 + -2 + 1 + 2 + -6 + -11?
-12
What is the value of (9 - (0 - (23 - 8))) + -6?
18
What is -10 + 6 + 3 + -4?
-5
19 + (16 - (55 + -25))
5
What is the value of -1 - -14 - 2 - (-37 + 50)?
-2
What is the value of (-23 + 4 - -5) + 21 + -33?
-26
What is the value of -22 + 10 + 0 + 14?
2
28 - 9 - 16 - (-12 + -1)
16
What is the value of (-11 - -11) + 8 + (-3 - 13)?
-8
What is the value of 10 - ((-3 - (-9 - -3)) + -30 + 10)?
27
-6 + 14 - (16 - (1 - -7))
0
What is -2 + (5 - 4) + 7 + -10 - 9?
-13
What is the value of (-12 - -8) + (1 - 38 - (1 - 7))?
-35
Calculate (12 - 0 - 1) + (408 - 422).
-3
-3 + 27 + (37 - (-5 - -57))
9
Calculate (2 + 0 - 0) + -56 + (-52 - -93).
-13
Evaluate 24 - (19 + 16 - -28).
-39
Evaluate (1 + (-2 - -9) - (-138 - -143)) + -6.
-3
3 + -18 + 17 - (0 - -24) - -5
-17
What is the value of 84 + -101 - (-19 - -2)?
0
Evaluate (-3 + 2 - -6) + (-192 - -201).
14
Evaluate -5 + (8 - (-2 - 1 - (-27 - -20))).
-1
What is (13 - 7) + 3 + -8?
1
What is the value of (-3 - -5) + (10 - 3) - 7?
2
What is the value of -33 + 27 + 20 + -26?
-12
What is 4 - (3 + (-5 - -8)) - -1?
-1
Evaluate 24 - 27 - (-7 + 9).
-5
What is the value of -11 - (19 + -51 - -18)?
3
12 + -3 + -5 - 11
-7
What is the value of -14 + (-2 + 11 + -15 - -8)?
-12
What is the value of (2 - 7) + (79 - 64) - (1 + -16)?
25
What is (15 + 0 - (135 - 127)) + -18?
-11
Evaluate -13 + 59 + -23 + -8.
15
Calculate -18 - (25 + (-62 - -11)).
8
-9 + 23 + 6 + 10 + -6
24
What is the value of (21 - (-4 - -7)) + (-27 - -20)?
11
Evaluate 6 - -1 - (-7 - -29 - 23).
8
(11 - 28) + (30 - (-20 - 6))
39
What is the value of 1 - (7 + (12 + -12 - 2) - 32)?
28
What is the value of (-5 - (-2 - 16 - (-35 - -30))) + 5?
13
Calculate -14 + (6 - ((4 - 6) + 2)).
-8
Evaluate 31 + -13 + -10 + -25.
-17
Evaluate -3 - -8 - ((-3 - -2) + -2 + 3).
5
What is -6 + 7 - -2 - (5 - (-4 + -6))?
-12
Calculate 0 - (12 - (-6 - (-27 + 8))).
1
What is the value of 15 + (12 - 5 - (5 - -1))?
16
What is the value of (9 - 1) + (22 - 10)?
20
Calculate 15 - (10 - (6 - 3)) - 22.
-14
What is 2 - (27 - 10 - 10) - (-1 - 2)?
-2
Calculate 47 - ((-23 + 0 - -6) + 35).
29
What is the value of -1 + 10 - ((-2 - -3) + 94 + -95)?
9
What is (-20 - 2) + -6 + 18?
-10
Calculate 58 - 50 - (1 + 0) - (-7 - 3).
17
Calculate -6 + (14 - (7 - 2)).
3
Calculate (-7 - -3) + -21 + (24 - -11).
10
What is 2 - (0 - ((8 - 7) + -1))?
2
What is the value of -1 + 5 - (11 - (9 + -14 - 8))?
-20
What is the value of -8 + -3 - -6 - (-7 + 1)?
1
What is -1 - -1 - (20 + -4 + 14 + -36)?
6
What is the value of (-2 - 0 - 0) + (-15 + 35 - 25)?
-7
-2 - (8 - 12 - 0 - 0)
2
What is the value of -12 - (-6 + -3 + 4 + 11)?
-18
What is the value of 6 + -1 + (0 - -1) - 24?
-18
(-5 - (-22 